d 1408?
176
What is the greatest common factor of 6157935 and 13545?
315
Calculate the greatest common divisor of 43218 and 2855034.
882
What is the highest common divisor of 10 and 36346025?
5
Calculate the highest common divisor of 2595172 and 532.
76
What is the highest common factor of 11 and 681153?
11
Calculate the highest common divisor of 2628 and 2870360.
292
What is the greatest common factor of 165004175 and 14?
7
What is the highest common factor of 15006 and 199014?
246
Calculate the highest common divisor of 540000 and 640.
160
What is the greatest common divisor of 9317 and 691141?
11
Calculate the highest common factor of 276819 and 8427.
159
What is the highest common divisor of 51291772 and 56?
28
What is the greatest common divisor of 7514 and 977483?
221
What is the highest common factor of 4600 and 20988200?
200
Calculate the highest common factor of 11 and 2608322552.
11
Calculate the highest common factor of 265 and 169735.
5
Calculate the highest common divisor of 344 and 12652664.
344
What is the greatest common factor of 179781 and 4850418?
3669
Calculate the greatest common divisor of 1908 and 1748364.
636
Calculate the highest common factor of 490 and 32718.
14
What is the highest common divisor of 7014 and 10648254?
1002
What is the highest common factor of 30570 and 153105?
15
Calculate the greatest common factor of 45070600 and 6800.
200
Calculate the greatest common divisor of 441 and 4026294.
9
Calculate the highest common divisor of 143 and 1849573.
11
Calculate the greatest common divisor of 675524 and 7868.
1124
What is the greatest common factor of 7 and 3224337760?
7
What is the greatest common divisor of 440 and 44539000?
440
Calculate the highest common factor of 1742103 and 3740.
11
Calculate the greatest common factor of 212 and 521116.
4
What is the greatest common divisor of 4770 and 19679589?
477
What is the greatest common divisor of 33075 and 20464850?
1225
Calculate the highest common factor of 64 and 824622336.
64
Calculate the highest common divisor of 24720 and 156202590.
3090
Calculate the highest common factor of 10017 and 12164931.
1431
What is the highest common divisor of 14916 and 2612148?
132
Calculate the highest common factor of 528 and 1091724.
12
Calculate the highest common divisor of 132 and 51179634.
66
What is the greatest common factor of 2271748591 and 1477?
1477
Calculate the greatest common divisor of 256 and 33926056.
8
Calculate the greatest common divisor of 895 and 12515501.
179
Calculate the highest common divisor of 4248123 and 265375.
2123
What is the highest common factor of 258541133 and 109?
109
Calculate the highest common factor of 10250899 and 13889.
817
Calculate the greatest common divisor of 53570252 and 804.
268
What is the highest common divisor of 246921864 and 168?
168
Calculate the greatest common divisor of 714 and 6827506.
238
Calculate the greatest common factor of 5 and 13322120.
5
Calculate the highest common factor of 70254721 and 15146.
7573
What is the greatest common factor of 60024 and 22235232?
1464
Calculate the greatest common divisor of 4465069 and 1312171.
3073
What is the greatest common divisor of 64392914 and 470?
94
What is the highest common divisor of 210870 and 6287490?
2970
What is the greatest common factor of 3504301 and 34547?
193
What is the highest common divisor of 4950 and 47400375?
825
Calculate the greatest common factor of 783 and 167997.
87
Calculate the highest common factor of 178782 and 983218.
166
What is the greatest common factor of 3937572 and 5076?
108
Calculate the highest common factor of 795 and 11288075.
5
Calculate the highest common divisor of 9969622 and 25236.
1402
Calculate the greatest common factor of 37809156 and 16588.
1276
Calculate the greatest common divisor of 4170 and 90791742.
834
Calculate the greatest common divisor of 69354978 and 13167.
4389
Calculate the greatest common factor of 95635170 and 18.
18
Calculate the greatest common factor of 1336 and 238804.
4
What is the highest common divisor of 236 and 13967542?
118
Calculate the highest common factor of 24 and 256852136.
8
What is the highest common divisor of 377994 and 15389016?
5178
Calculate the highest common divisor of 17859688 and 616.
616
Calculate the greatest common divisor of 2243 and 48978148.
2243
Calculate the greatest common divisor of 8569 and 195126257.
779
Calculate the highest common divisor of 648 and 19872.
216
Calculate the highest common factor of 199610026 and 98.
98
What is the highest common divisor of 75751 and 42549?
13
What is the highest common factor of 34220 and 14097460?
1180
What is the highest common divisor of 170046 and 36017190?
3618
What is the highest common divisor of 3237 and 26793728?
1079
What is the highest common factor of 245700 and 16068?
156
Calculate the highest common factor of 2418466 and 4.
2
What is the highest common divisor of 199758 and 313326?
1014
What is the highest common factor of 30091515 and 14805?
705
Calculate the greatest common divisor of 216 and 3051819.
9
What is the greatest common divisor of 403 and 425586941?
403
What is the highest common divisor of 10428952 and 536?
536
Calculate the highest common factor of 73383628 and 170.
34
Calculate the highest common factor of 140063 and 472833.
107
Calculate the highest common divisor of 413595281 and 11.
11
What is the highest common factor of 118387555 and 715?
715
Calculate the highest common divisor of 162 and 65950281.
81
Calculate the highest common divisor of 228284682 and 372.
186
What is the greatest common factor of 1688499 and 1041377?
2719
Calculate the highest common factor of 29062 and 36300.
22
Calculate the greatest common factor of 34788 and 5634318.
1338
What is the greatest common factor of 91592 and 465664?
856
Calculate the highest common factor of 270 and 118515060.
90
What is the greatest common factor of 90 and 12588084?
18
What is the greatest common factor of 45 and 160430310?
45
Calculate the highest common divisor of 198497511 and 68616.
8577
Calculate the greatest common divisor of 40467 and 61131.
861
What is the greatest common factor of 9658019 and 434?
217
Calculate the greatest common factor of 24790 and 23317474.
4958
Calculate the greatest common divisor of 4767 and 135882654.
681
Calculate the greatest common divisor of 88033 and 579184.
53
What is the greatest common factor of 1039028 and 102724?
1684
Calculate the highest common factor of 33706942 and 436.
218
Calculate the greatest common divisor of 53729 and 94393.
13
What is the greatest common divisor of 29348 and 8188?
92
What is the highest common factor of 466 and 401795219?
233
Calculate the highest common divisor of 11893 and 10297.
7
Calculate the highest common factor of 724120 and 5.
5
Calculate the greatest common divisor of 350391489 and 8274.
4137
Calculate the greatest common factor of 12 and 2077195908.
12
What is the greatest common divisor of 2044 and 576537794?
1022
What is the highest common divisor of 831500 and 19750?
250
What is the highest common factor of 51482880 and 410?
410
Calculate the highest common divisor of 72180795 and 15.
15
Calculate the highest common factor of 699868 and 1204.
172
What is the highest common factor of 52736 and 989056?
128
What is the highest common divisor of 606 and 612771747?
303
What is the highest common divisor of 11728 and 144?
16
What is the highest common divisor of 7272 and 5164176?
24
Calculate the highest common divisor of 3322 and 122017362.
302
Calculate the greatest common divisor of 20953 and 48346.
23
Calculate the highest common divisor of 4722 and 249937034.
1574
Calculate the highest common factor of 26843618 and 29.
29
What is the greatest common factor of 6576 and 2418?
6
Calculate the highest common factor of 405 and 997080.
15
Calculate the highest common divisor of 4404 and 18828.
12
Calculate the greatest common factor of 147 and 1327116.
147
What is the highest common factor of 3960 and 28539000?
360
Calculate the greatest common divisor of 433451753 and 7.
7
Calculate the highest common divisor of 87338119 and 297.
11
What is the greatest common factor of 2411514 and 24822?
126
What is the greatest common factor of 333805 and 1979695?
3305
What is 